 5*p + 2. What is r(2)?
-2
Let o(t) be the second derivative of t**5/20 + 5*t**4/12 + t**2 + 4*t. Give o(-5).
2
Let t(u) be the second derivative of 2*u**5/5 - u. Suppose -50*y - 1 = -51*y. Give t(y).
8
Let c(r) = -2*r + 3. Let m(x) = -x + 10. Let z be m(2). Give c(z).
-13
Suppose 8 = -d - 5*q, 5*d + 0*q + 4*q = -40. Let n(t) = t**2 + 7*t - 1. Calculate n(d).
7
Let k = -1 + 4. Let r(c) = -c - 1 - 5*c**k + 5*c**3 + 2*c**3 + 2*c**3. Give r(-1).
-4
Let c(f) = -f**2 - 3*f + 3. Let m(k) = -k**3 - 4*k**2 + 4*k - 2. Let l be m(-5). Suppose -4*y - l = 9. Calculate c(y).
3
Let w(g) = g**2 + 5*g + 1. Let b = 4 - -3. Suppose 2*q - 10 = b*q. Determine w(q).
-5
Let j(c) = -c**2 - 1. Let d(s) = -s**3 - 4*s**2 - s + 15. Let t(h) = d(h) - 3*j(h). What is t(0)?
18
Let q(j) be the second derivative of -j**4/12 + 13*j. Calculate q(0).
0
Let n(k) be the second derivative of k**5/120 + k**4/8 + k**3/2 + 6*k. Let p(b) be the second derivative of n(b). Determine p(-5).
-2
Let h(z) = 35*z - 16. Let i(u) = 7*u - 3. Let w(p) = 2*h(p) - 11*i(p). Let m be 4/2 + 0 + 0. Suppose l - m = 3*l. Determine w(l).
8
Let w(q) = -9*q**3 - 2*q - 1. Suppose s - 3*g - 11 = 0, 2*s + 3*g + 25 = 11. What is w(s)?
10
Let b(t) = t + 1. Let k(s) = -s**2 - 4*s. Let h(q) = -2*b(q) + k(q). Calculate h(-5).
3
Suppose 173*i + 6 = 170*i. Suppose -4*s + 4*r - 3 - 1 = 0, -2*s + 14 = 2*r. Let b(o) = s*o + 3 + 0 + o. Determine b(i).
-5
Let n(b) = 19*b**3 + b. Let w = 51 - 50. What is n(w)?
20
Let f(y) = -2*y**3 - y**2 + 3*y + 4. Let j be f(-2). Let z(k) = k**3 - 10*k**2 + 2*k - 14. Calculate z(j).
6
Let k(w) = -1 - 133*w + 2 + 138*w - w**2. Calculate k(5).
1
Let k be -4 - 0 - (0 - 1). Let i(y) = y**3 + 3*y**2 - 2*y + 2. What is i(k)?
8
Let t be (-24)/16 + (-17)/(-2). Let a(v) = v - 8. Determine a(t).
-1
Let l(n) = -2*n + 6. Let j = -1 + 4. Let v(f) = -f**3 + 3*f**2 + 3*f - 4. Let r be v(j). Suppose k + 5*g = -20, 40 = 4*k + g - r*g. Calculate l(k).
-4
Let u = -3 - -5. Let d(q) = -q - q**u - 1 - 2*q + 0. Give d(-2).
1
Let g(j) = 31*j + 7. Let v(u) = -16*u - 4. Let b(w) = 3*g(w) + 5*v(w). Calculate b(1).
14
Let a(u) = u**3 - 7*u**2 + 6*u - 1. Let y be 55/20 - 2/(-8). Suppose -2*t = 2*m - 2, -y*t + 0*m = 5*m + 7. Determine a(t).
-1
Let f(u) = 5*u + 3. Let l be (-20)/(-2) + -3 + 0. Let z = l + -9. What is f(z)?
-7
Let k(r) be the second derivative of r**5/20 + r**4/3 - 4*r**3/3 - 7*r**2/2 - 6*r. Give k(-5).
8
Let n(d) = -2*d + 1. Let f be (-1)/4 - 51/(-12). Suppose 7 - 3 = -5*c + 2*l, -f*c + l - 5 = 0. Calculate n(c).
5
Let h(w) = -w - 2. Let p(b) = 0*b - 2 - b - 5*b + b**2. Let a be 1/(-2) - (-30)/4. Let x be p(a). Determine h(x).
-7
Let n(k) = 3*k**2 + 3*k. Let c be (6/(-15) - 0)*-1*-5. Give n(c).
6
Let i(s) = -s. Let a(k) = 4*k + 3. Let f(g) = -a(g) + 6*i(g). Give f(-3).
27
Let d = 2 - -2. Let u(r) = -2*r + 6. What is u(d)?
-2
Let n = 7 - 5. Let j(d) = d - 2. Give j(n).
0
Suppose 50 = 5*w - 0*w. Let g(x) = 10*x + 10*x + 1 - w*x. Determine g(1).
11
Let g(o) = -6*o. Suppose 0 = -5*q + 3*a - 11, -a - 1 = -3. Give g(q).
6
Let t(f) = -6 + 2 - 2*f**3 + 3 - 2*f**2 + 4*f**2. Calculate t(1).
-1
Let y(t) = -2*t - 2. Let u(p) = -p + 1. Let f(h) = -2*u(h) - y(h). Let o = 2 - -1. Suppose 5*d = 25, 9 = 4*s + 2*d + o. Determine f(s).
-4
Let q(o) = 6 + 10*o + 9*o - 17*o. What is q(-7)?
-8
Let q(c) = -8*c**2 + 1. Suppose b + 3*i = 3*b - 12, -2*b + 12 = 3*i. Suppose 5*f + 20 = 0, -3*o + 17 = f - b*f. What is q(o)?
-7
Let r(m) = -m**3 - 3*m**2 - m - 1. Suppose n - 18 = -2*n. Let k be (13/2)/(3/n). Suppose -4*d - 4 = -4*o, -o - 3*d + k = -8*d. Determine r(o).
-3
Let r(t) = t**3 + 8*t**2 - 5*t**2 + 3 - 2. Give r(-3).
1
Let b(x) = 1 - 4 - 2*x**3 + 4*x**2 + 3*x**3 - x. Let g be -4 + (-4)/(-6)*-3. Let h be (-2)/g + (-10)/3. Determine b(h).
9
Suppose y + 2*v - 1 = 0, -14 - 3 = -y + 2*v. Suppose -3*i = 3*a + y, -i - 3 = -3*a + 2*a. Let r(p) = p**2 + 4*p + 4. What is r(i)?
1
Let r(j) = -j**3 + 5*j**2 - j + 4. Suppose 1 - 16 = -3*s. Give r(s).
-1
Let b(t) = -2*t - 2*t - 2 + 6 - t**2. Suppose 0 = -4*p - 115 + 99. Give b(p).
4
Let g(w) = -4*w + 0*w + 1 + 3*w. Let i be g(6). Let r(n) = 12*n - 39*n + 15*n - 1 + 14*n. Determine r(i).
-11
Let y(i) = -6*i + 1. Let t(w) = 2*w**2 - 10*w - 11. Let u be t(6). What is y(u)?
-5
Let g(y) be the second derivative of 2*y - 1/6*y**3 - 5*y**2 + 0. What is g(-7)?
-3
Let c be (-4)/(-16) + (-5)/4. Let s(l) be the second derivative of l**5/20 + l**4/6 + l**3/3 + l**2/2 + 2*l. What is s(c)?
0
Let f(o) = -o**2 + 2*o + 1. Let q be (-2)/(-4) - 1/(-2). Let l be q*(-14)/(-3 + 1). Let p = -5 + l. What is f(p)?
1
Let k(f) = f. Let r(v) = -2*v + 7. Let h(m) = -3*k(m) - r(m). Let s(b) = -b**3 + b**2 + 3*b + 4. Let w = -8 - -11. Let d be s(w). Determine h(d).
-2
Let z(n) = -5*n + 0*n - n**2 + n**3 + 2 - 3*n**2. Let y = 4 - 4. Suppose y = -5*p + p + 20. Give z(p).
2
Let n(c) = c**3 - 6*c**2 - c + 8. Let z = 24 + -18. Give n(z).
2
Let j(c) = -c**2 + 4. Let n = 57 - 41. Let t be (-2)/(-10) + n/(-5). Give j(t).
-5
Let y(l) = -l**3 + 6*l**2 + 6*l + 9. Let k be y(7). Let u(q) = -8*q - q**3 - 7*q**k - 10 - 1 + 2. Let v be u(-6). Let f(x) = x**2 - 2*x - 4. What is f(v)?
-1
Let c(t) be the third derivative of -t**5/60 - t**4/3 + 7*t**3/6 - 24*t**2. Determine c(-8).
7
Let w(s) = s**3 - 7*s**2 + 9*s - 6. Let l = 0 - -6. Give w(l).
12
Let j(o) = 18*o + 7. Let p(r) = -9*r - 3. Let x = -9 - -14. Let d(h) = x*p(h) + 2*j(h). Calculate d(-1).
8
Let b be (1 + -11 + -2)/((-6)/(-4)). Let l(j) = j**2 + 6*j + 4. What is l(b)?
20
Suppose -15 = 3*r + 4*a - a, -4*r - 3*a = 20. Let v(w) = -14*w - 23. Let q(d) = -5*d - 8. Let c(k) = 8*q(k) - 3*v(k). Calculate c(r).
-5
Let n(d) = -d**2 + 2*d - 17 + 12 + 11. Calculate n(5).
-9
Suppose 4*o - 13 - 15 = 0. Let r(h) = -o + h + h + 1. Let s = -168 + 174. Calculate r(s).
6
Let o(s) = s**2 + 6*s. Let u be -2 + ((-9)/15)/((-6)/(-30)). Calculate o(u).
-5
Let g(h) = -1. Suppose 4*s - 24 - 20 = 0. Let k = -7 + s. Let d(o) = -o**2 - 2*o + 3. Let y(w) = k*g(w) + d(w). Calculate y(-2).
-1
Let f(d) be the first derivative of -2*d - 1 + 5/2*d**2 + 1/3*d**3. Give f(-5).
-2
Let b(f) = 2*f + 3*f - 3*f. Let c be 6*2/(-4) + 8. Suppose -c*g - 16 = -1. Determine b(g).
-6
Let g(w) be the third derivative of w**6/720 - w**5/15 + w**4/24 + 6*w**2. Let h(i) be the second derivative of g(i). What is h(7)?
-1
Suppose -16 = -0*t - 4*t. Let g(f) be the third derivative of -f**6/120 + f**5/15 - f**4/8 + 5*f**3/6 + 2*f**2. Calculate g(t).
-7
Let k = -39 + 55. Suppose -7*b = -3*b - k. Let c(f) = b*f**3 - 4*f**3 + f**3 - 6*f**2 + 6*f + 2. Give c(5).
7
Suppose j - 4 - 3 = 0. Let s(p) = -p**3 - 6*p**2 - p - 4. Let o be s(-6). Let m(h) = -2 + h + 1 + o*h - j*h**2 - h. Determine m(1).
-6
Let f be 0/(-1)*(-3)/6. Let n(a) = 1. Let y(s) = -s + 12. Let b(k) = -3*n(k) - y(k). Give b(f).
-15
Let l(t) = -2*t + 2. Let s(j) = -j**3 - 7*j**2 - 6*j + 6. Let h(y) = y**2 + y - 1. Let g(d) = 3*h(d) + s(d). Let u be g(-3). What is l(u)?
-4
Let c(s) = 11 - 36 - 3*s + 17 + 9. Calculate c(-6).
19
Let s(g) = 7 + 8 - g - 15. Determine s(5).
-5
Let g = 46 - 48. Let t(p) = -2*p**2 - p + 1. Determine t(g).
-5
Suppose -4*s = 8, -2*y - 4*s = -4*y + 10. Let t(h) = 4*h**2 + 5*h - 4. Let j(q) = -q**2 + q - 1. Suppose 0 = -n - 3 - 0. Let d(w) = n*j(w) + t(w). Give d(y).
8
Let w(o) = o**3 - 2*o + 1. Suppose 2*g - 32 = -2*q, q - 2*g = -5*g + 16. Suppose -5*x = v - 30, 3*x - 20 = 3*v + q. Suppose 10 = 2*j - x*j. Give w(j).
-3
Suppose a - 24 = 4*l - a, 2*a = -2*l. Let p(w) = -w. Calculate p(l).
4
Let r(b) = -3*b + 1. Let w = 1 - 6. Let f be 1/(((-10)/6)/w). Suppose 3*s + 5 = -x, 0 = f*s - 3*x - x + 25. Determine r(s).
10
Let t(b) = -2*b - 1. Suppose 4*l - 24 = -3*q, -2*l = 2*l - 5*q - 24. Let v(c) = 1. Let p(g) = l*v(g) + t(g). Calculate p(4).
-3
Let s(a) = 8 - 19 - 2*a + 4*a - 3*a. Determine s(-6).
-5
Let p(g) be the third derivative of -g**4/12 + g**3/6 - 37*g**2. Calculate p(1).
-1
Let u(i) = 4*i**2 + i + 2. Suppose s - 2*s + 5 = 0. Let h(t) = t**2 + 1. Let l(a) = s*h(a) - u(a). Give l(0).
3
Let c(t) be the first derivative of -t**4/4 + t**3/3 + t**2 + t + 4. Let q be c(-1). Let f(i) = -i**3 - i**2. Determine f(q).
-2
Let x be ((-2)/(-4) - 1)*-12. Suppose -x - 9 = -3*n. Let k(v) = -4 - 3 + v + 2. Determine k(n).
0
Let b(p) = 15*p**3 - 2*p**2 + 1. Let r 